0406 (base 10) to base 3
-22122202100
Convert -1049d1 (base 14) to base 4.
-2012131123
What is 20537b (base 13) in base 11?
475699
Convert 10040016 (base 7) to base 5.
203130120
Convert -27275 (base 12) to base 14.
-15933
What is -6368 (base 10) in base 13?
-2b8b
What is -241b98 (base 12) in base 8?
-2164544
-12434662 (base 7) to base 4
-10111012012
23503555 (base 6) to base 16
b48ff
-1f8d6 (base 16) to base 8
-374326
Convert -6ca137 (base 16) to base 15.
-9595a9
What is -66f05 (base 16) in base 7?
-3404156
-1617166 (base 9) to base 12
-3734b0
12220012021012 (base 3) to base 12
10713b8
Convert -12122011002021 (base 3) to base 16.
-2db269
Convert 5006013 (base 7) to base 13.
1788c9
205542313 (base 6) to base 16
377f85
Convert 1001100101011000001 (base 2) to base 5.
40022144
111110010000111000 (base 2) to base 8
762070
Convert -6428371 (base 9) to base 7.
-41163055
Convert -100010000111010 (base 2) to base 4.
-10100322
Convert -475863 (base 11) to base 6.
-24100303
-10202031320 (base 4) to base 11
-742122
3127130 (base 8) to base 9
1506004
What is -1101110010100100 (base 2) in base 6?
-1113300
Convert -242232042 (base 5) to base 15.
-175c4c
What is 101000101011100101 (base 2) in base 9?
273513
111110000101011100000111 (base 2) to base 12
554a633
What is -14441131 (base 5) in base 8?
-460217
What is 11b58a (base 13) in base 15?
85dc0
623746 (base 14) to base 15
456b62
What is 150158 (base 9) in base 4?
112131110
Convert 25b5a11 (base 12) to base 11.
42315a2
Convert -125868 (base 10) to base 15.
-27463
-225277 (base 11) to base 3
-200012120210
What is 120011222211 (base 3) in base 13?
a6072
Convert 110212000 (base 4) to base 14.
22a52
What is -102a2 (base 16) in base 8?
-201242
Convert 3240312 (base 5) to base 16.
d99b
What is -16ab7 (base 14) in base 12?
-28ba1
-24d392 (base 14) to base 12
-510570
Convert -b0212 (base 13) to base 11.
-1a5341
Convert -14b158 (base 12) to base 13.
-c39b9
What is -1060426 (base 8) in base 2?
-1000110000100010110
-40a25 (base 12) to base 15
-1a028
What is -15988365 (base 10) in base 9?
-33067820
What is 10000101101101010 (base 2) in base 8?
205552
What is -1360807 (base 12) in base 7?
-44535655
What is a3b40 (base 15) in base 5?
113101120
Convert 105785 (base 10) to base 9.
171088
What is 14602 (base 13) in base 10?
38365
-4304502 (base 6) to base 9
-351382
What is -21a610 (base 11) in base 12?
-14b006
-323634 (base 9) to base 2
-101111000111001101
What is -2538187 (base 9) in base 13?
-395b24
What is -4b35 (base 13) in base 9?
-15588
7924e (base 15) to base 16
5e0fa
Convert -122587 (base 10) to base 8.
-357333
-730108 (base 9) to base 6
-13141055
What is -1142713 (base 8) in base 16?
-4c5cb
What is 1222221 (base 4) in base 7?
25620
-24bdc (base 14) to base 16
-1602e
What is 1121700 (base 9) in base 15?
be373
What is 100111021212 (base 3) in base 14?
4c136
What is 100344303 (base 5) in base 14?
a6c74
What is -67a44 (base 13) in base 15?
-3acb1
Convert -385a99 (base 11) to base 12.
-253bba
b129 (base 12) to base 7
106635
-1210121111 (base 3) to base 14
-ccb3
Convert -144236 (base 10) to base 9.
-238762
4455644 (base 8) to base 3
2021010100120
-110010010212000 (base 3) to base 5
-3122023044
What is 1734770 (base 8) in base 12?
205048
What is -2a2a62 (base 12) in base 3?
-1100001221002
-111463362 (base 7) to base 3
-110202220112210
What is 40773 (base 11) in base 16?
e863
356703 (base 10) to base 11
223aa6
What is 1450352 (base 6) in base 2?
10100100110011100
Convert -2150477 (base 10) to base 5.
-1022303402
What is a579d0 (base 14) in base 15?
756aee
223455254 (base 6) to base 14
789550
Convert 145221454 (base 6) to base 14.
595d34
2830078 (base 9) to base 3
2221000002122
What is -55561144 (base 7) in base 16?
-4950d9
What is 503010 (base 8) in base 16?
28608
652045 (base 10) to base 4
2133030031
What is 11055414 (base 6) in base 3?
121222120201
Convert -b3925 (base 12) to base 9.
-386732
Convert -6b455a (base 15) to base 13.
-10a702b
Convert -11232432 (base 7) to base 2.
-11101111111110000010
Convert -21410021 (base 9) to base 16.
-9dc73b
What is 111110111000101 (base 2) in base 13?
11869
Convert 1506150 (base 7) to base 8.
616062
Convert -5046664 (base 7) to base 6.
-20510531
Convert -145ca (base 13) to base 10.
-38360
-24c01 (base 15) to base 11
-80274
Convert 6940f1 (base 16) to base 15.
913c55
-5432044 (base 7) to base 15
-d1864
Convert -102424014 (base 5) to base 14.
-b4d26
-1e123 (base 16) to base 5
-12420141
-23432010 (base 5) to base 14
-594dd
What is -13880 (base 10) in base 13?
-6419
-52105455 (base 6) to base 4
-11232231023
Convert -887a3 (base 14) to base 7.
-2545263
Convert -83813 (base 10) to base 8.
-243545
Convert 32303311321 (base 4) to base 11.
221196a
What is -5376510 (base 9) in base 11?
-16a0659
Convert 730311 (base 8) to base 7.
2025101
-104224011 (base 5) to base 6
-13514511
Convert -1379239 (base 13) to base 3.
-102120222222211
What is 117941 (base 14) in base 6?
20445045
Convert 12011120 (base 4) to base 7.
132440
What is -31b7 (base 16) in base 11?
-9620
Convert -20202010010012 (base 3) to base 4.
-31223021003
Convert 162207 (base 16) to base 7.
15220605
1487401 (base 9) to base 5
202404203
What is a38970 (base 12) in base 14?
4ab068
Convert -2001001111211 (base 3) to base 11.
-6801a2
What is 429348 (base 12) in base 8?
4010250
-1331130103 (base 4) to base 6
-15002431
Convert 34f6a (base 16) to base 11.
138a97
-23045740 (base 8) to base 2
-10011000100101111100000
-100211203120 (base 4) to base 6
-233110104
-2245746 (base 13) to base 12
-3635616
What is 111110133 (base 4) in base 12?
42653
Convert -5652432 (base 8) to base 10.
-1529114
Convert -1303051 (base 6) to base 10.
-70663
Convert -98130 (base 11) to base 8.
-426353
What is 90333 (base 15) in base 11?
291952
-4b78ab (base 16) to base 9
-10267676
Convert 213122302231 (base 4) to base 2.
100111011010110010101101
Convert 1101010101101100101 (base 2) to base 3.
211012120122
What is -100001001011001011 (base 2) in base 10?
-135883
Convert 120002021012 (base 3) to base 9.
502235
What is -768772 (base 9) in base 15?
-910b8
20443455 (base 6) to base 8
2215773
What is 10104033 (base 7) in base 12?
347156
What is 697c1 (base 13) in base 12?
9347b
Convert 2301110301 (base 4) to base 14.
14c9a1
2010301222 (base 4) to base 14
1022a6
-2315143 (base 6) to base 5
-12302304
Convert -55024551 (base 6) to base 4.
-12033210103
1362c3 (base 15) to base 16
e3925
303200322013 (base 4) to base 6
1201235051
Convert -76817 (base 11) to base 6.
-2220003
Convert 356366 (base 7) to base 13.
23594
Convert 363664 (base 9) to base 15.
44e64
Convert -8c1546 (base 13) to base 2.
-1100101001100111010000
79479 (base 12) to base 10
161373
6034622 (base 7) to base 12
2a578b
What is -1255343 (base 6) in base 8?
-210417
Convert -2dac2 (base 16) to base 7.
-1406256
112332122 (base 4) to base 8
267632
What is 2177509 (base 12) in base 14?
bc08ad
What is 5875ea (base 15) in base 9?
7852124
114431310 (base 5) to base 14
102cbc
-51041211 (base 6) to base 10
-1451815
What is -3210112 (base 5) in base 16?
-d216
8593c4 (base 16) to base 2
100001011001001111000100
Convert -23640 (base 8) to base 16.
-27a0
-1001111001101000111 (base 2) to base 14
-86331
Convert 10203133 (base 4) to base 8.
44337
What is 105521 (base 13) in base 6?
12113502
Convert 2034041 (base 8) to base 5.
114214112
Convert -1211011012012 (base 3) to base 8.
-3541543
What is 1100001011000011 (base 2) in base 3?
2112101122
Convert 197a7 (base 12) to base 7.
214051
What is 110321023 (base 4) in base 2?
10100111001001011
-2cd46 (base 16) to base 4
-230311012
What is 102023233313 (base 4) in base 11?
2766334
What is -101000010001010000 (base 2) in base 10?
-164944
What is 8f7831 (base 16) in base 5?
4401334132
What is -1979638 (base 10) in base 5?
-1001322023
8614697 (base 10) to base 5
4201132242
Convert -24204565 (base 7) to base 12.
-879b14
Convert 30996a (base 11) to base 12.
1bb261
What is -203de (base 16) in base 10?
-132062
Convert 2445454 (base 10) to base 4.
21111002032
What is 1100121233 (base 4) in base 10?
329327
-1aa1a2 (base 14) to base 16
-e7e02
-781dba (base 16) to base 4
-132001312322
What is -7032 (base 15) in base 2?
-101110001111000
-2ddcd (base 15) to base 3
-21112100111
Convert 2403041 (base 5)